{"id":5826,"date":"2023-03-23T13:30:01","date_gmt":"2023-03-23T13:30:01","guid":{"rendered":"https:\/\/turismo.ufpr.br\/?page_id=5826"},"modified":"2025-07-10T20:01:22","modified_gmt":"2025-07-10T20:01:22","slug":"projeto-de-planejamento-e-gestao-em-turismo","status":"publish","type":"page","link":"https:\/\/turismo.ufpr.br\/index.php\/projeto-de-planejamento-e-gestao-em-turismo\/","title":{"rendered":"Projeto de Planejamento e Gest\u00e3o em Turismo"},"content":{"rendered":"<p><a href=\"https:\/\/turismo.ufpr.br\/wp-content\/uploads\/2023\/03\/1.-Reg.-Projeto-Turismo-2018-23.04.2018-Atualizado-27.03.2023.pdf\">4 Projeto de Planejamento e Gest\u00e3o e Gest\u00e3o em Turismo<\/a><\/p>\n<p>&nbsp;<\/p>\n<p><a href=\"https:\/\/turismo.ufpr.br\/wp-content\/uploads\/2025\/07\/Linhas-de-Pesquisa-Pre-Projeto-PPGT-2025-2-1.pdf\">Linhas de Pesquisa &#8211; Projeto de Planejamento e Gest\u00e3o em Turismo<\/a><\/p>\n<h2><\/h2>\n<p>&nbsp;<\/p>\n<p>&nbsp;<\/p>\n<p>&nbsp;<\/p>\n<p>&nbsp;<\/p>\n<p>&nbsp;<\/p>\n","protected":false},"excerpt":{"rendered":"<p>4 Projeto de Planejamento e Gest\u00e3o e Gest\u00e3o em Turismo &nbsp; Linhas de Pesquisa &#8211; Projeto de Planejamento e Gest\u00e3o em Turismo &nbsp; &nbsp; &nbsp; &nbsp; &nbsp;<\/p>\n","protected":false},"author":1318,"featured_media":0,"parent":0,"menu_order":0,"comment_status":"closed","ping_status":"closed","template":"page-graduacao.php","meta":{"footnotes":""},"class_list":["post-5826","page","type-page","status-publish","hentry"],"_links":{"self":[{"href":"https:\/\/turismo.ufpr.br\/index.php\/wp-json\/wp\/v2\/pages\/5826","targetHints":{"allow":["GET"]}}],"collection":[{"href":"https:\/\/turismo.ufpr.br\/index.php\/wp-json\/wp\/v2\/pages"}],"about":[{"href":"https:\/\/turismo.ufpr.br\/index.php\/wp-json\/wp\/v2\/types\/page"}],"author":[{"embeddable":true,"href":"https:\/\/turismo.ufpr.br\/index.php\/wp-json\/wp\/v2\/users\/1318"}],"replies":[{"embeddable":true,"href":"https:\/\/turismo.ufpr.br\/index.php\/wp-json\/wp\/v2\/comments?post=5826"}],"version-history":[{"count":13,"href":"https:\/\/turismo.ufpr.br\/index.php\/wp-json\/wp\/v2\/pages\/5826\/revisions"}],"predecessor-version":[{"id":6330,"href":"https:\/\/turismo.ufpr.br\/index.php\/wp-json\/wp\/v2\/pages\/5826\/revisions\/6330"}],"wp:attachment":[{"href":"https:\/\/turismo.ufpr.br\/index.php\/wp-json\/wp\/v2\/media?parent=5826"}],"curies":[{"name":"wp","href":"https:\/\/api.w.org\/{rel}","templated":true}]}}

Projeto de Planejamento e Gestão em Turismo

<p><a href="https://turismo.ufpr.br/wp-content/uploads/2023/03/1.-Reg.-Projeto-Turismo-2018-23.04.2018-Atualizado-27.03.2023.pdf">4 Projeto de Planejamento e Gestão e Gestão em Turismo</a></p>
<p>&nbsp;</p>
<p><a href="https://turismo.ufpr.br/wp-content/uploads/2025/07/Linhas-de-Pesquisa-Pre-Projeto-PPGT-2025-2-1.pdf">Linhas de Pesquisa &#8211; Projeto de Planejamento e Gestão em Turismo</a></p>
<h2></h2>
<p>&nbsp;</p>
<p>&nbsp;</p>
<p>&nbsp;</p>
<p>&nbsp;</p>
<p>&nbsp;</p>

<p>4 Projeto de Planejamento e Gestão e Gestão em Turismo &nbsp; Linhas de Pesquisa &#8211; Projeto de Planejamento e Gestão em Turismo &nbsp; &nbsp; &nbsp; &nbsp; &nbsp;</p>
