{"id":5628,"date":"2023-01-26T17:29:48","date_gmt":"2023-01-26T17:29:48","guid":{"rendered":"https:\/\/turismo.ufpr.br\/?page_id=5628"},"modified":"2026-03-30T13:51:05","modified_gmt":"2026-03-30T13:51:05","slug":"estagios","status":"publish","type":"page","link":"https:\/\/turismo.ufpr.br\/index.php\/regulamentos-grad\/estagios\/","title":{"rendered":"Est\u00e1gios"},"content":{"rendered":"<p><a href=\"http:\/\/www.prograd.ufpr.br\/estagio\/formularios\/\">FORMUL\u00c1RIOS PARA EST\u00c1GIOS &#8211; PROGRAP<\/a><\/p>\n<p>&nbsp;<\/p>\n<p><a href=\"https:\/\/turismo.ufpr.br\/wp-content\/uploads\/2023\/09\/Orientacoes-Estagio-2023-2-05.09.2023-1.pdf\">ORIENTA\u00c7\u00d5ES EST\u00c1GIO<\/a><\/p>\n<p>&nbsp;<\/p>\n<p><a href=\"https:\/\/turismo.ufpr.br\/wp-content\/uploads\/2026\/03\/Declaracao-estudante-funcionario-Orientacoes-2026-1-1.pdf\">DECLARA\u00c7\u00c3O ESTUDANTE-FUNCION\u00c1RIO<\/a><\/p>\n<p>&nbsp;<\/p>\n<p><a href=\"https:\/\/turismo.ufpr.br\/wp-content\/uploads\/2023\/01\/2.-Reg.-Estagio-22.03.2019-1.pdf\">REGULAMENTO DE EST\u00c1GIO OBRIGAT\u00d3RIO E N\u00c3O OBRIGAT\u00d3RIO DO CURSO DE TURISMO (TURNO NOTURNO)<\/a><\/p>\n<p>&nbsp;<\/p>\n<p><a href=\"https:\/\/turismo.ufpr.br\/wp-content\/uploads\/2023\/04\/Estagios.pdf\">REGULAMENTO DE EST\u00c1GIO (TURNO MATUTINO)<\/a><\/p>\n<p>&nbsp;<\/p>\n<p>&nbsp;<\/p>\n","protected":false},"excerpt":{"rendered":"<p>FORMUL\u00c1RIOS PARA EST\u00c1GIOS &#8211; PROGRAP &nbsp; ORIENTA\u00c7\u00d5ES EST\u00c1GIO &nbsp; DECLARA\u00c7\u00c3O ESTUDANTE-FUNCION\u00c1RIO &nbsp; REGULAMENTO DE EST\u00c1GIO OBRIGAT\u00d3RIO E N\u00c3O OBRIGAT\u00d3RIO DO CURSO DE TURISMO (TURNO NOTURNO) &nbsp; REGULAMENTO DE EST\u00c1GIO (TURNO MATUTINO) &nbsp; &nbsp;<\/p>\n","protected":false},"author":1318,"featured_media":0,"parent":5613,"menu_order":0,"comment_status":"closed","ping_status":"closed","template":"page-graduacao.php","meta":{"footnotes":""},"class_list":["post-5628","page","type-page","status-publish","hentry"],"_links":{"self":[{"href":"https:\/\/turismo.ufpr.br\/index.php\/wp-json\/wp\/v2\/pages\/5628","targetHints":{"allow":["GET"]}}],"collection":[{"href":"https:\/\/turismo.ufpr.br\/index.php\/wp-json\/wp\/v2\/pages"}],"about":[{"href":"https:\/\/turismo.ufpr.br\/index.php\/wp-json\/wp\/v2\/types\/page"}],"author":[{"embeddable":true,"href":"https:\/\/turismo.ufpr.br\/index.php\/wp-json\/wp\/v2\/users\/1318"}],"replies":[{"embeddable":true,"href":"https:\/\/turismo.ufpr.br\/index.php\/wp-json\/wp\/v2\/comments?post=5628"}],"version-history":[{"count":14,"href":"https:\/\/turismo.ufpr.br\/index.php\/wp-json\/wp\/v2\/pages\/5628\/revisions"}],"predecessor-version":[{"id":6458,"href":"https:\/\/turismo.ufpr.br\/index.php\/wp-json\/wp\/v2\/pages\/5628\/revisions\/6458"}],"up":[{"embeddable":true,"href":"https:\/\/turismo.ufpr.br\/index.php\/wp-json\/wp\/v2\/pages\/5613"}],"wp:attachment":[{"href":"https:\/\/turismo.ufpr.br\/index.php\/wp-json\/wp\/v2\/media?parent=5628"}],"curies":[{"name":"wp","href":"https:\/\/api.w.org\/{rel}","templated":true}]}}

Estágios

<p><a href="http://www.prograd.ufpr.br/estagio/formularios/">FORMULÁRIOS PARA ESTÁGIOS &#8211; PROGRAP</a></p>
<p>&nbsp;</p>
<p><a href="https://turismo.ufpr.br/wp-content/uploads/2023/09/Orientacoes-Estagio-2023-2-05.09.2023-1.pdf">ORIENTAÇÕES ESTÁGIO</a></p>
<p>&nbsp;</p>
<p><a href="https://turismo.ufpr.br/wp-content/uploads/2026/03/Declaracao-estudante-funcionario-Orientacoes-2026-1-1.pdf">DECLARAÇÃO ESTUDANTE-FUNCIONÁRIO</a></p>
<p>&nbsp;</p>
<p><a href="https://turismo.ufpr.br/wp-content/uploads/2023/01/2.-Reg.-Estagio-22.03.2019-1.pdf">REGULAMENTO DE ESTÁGIO OBRIGATÓRIO E NÃO OBRIGATÓRIO DO CURSO DE TURISMO (TURNO NOTURNO)</a></p>
<p>&nbsp;</p>
<p><a href="https://turismo.ufpr.br/wp-content/uploads/2023/04/Estagios.pdf">REGULAMENTO DE ESTÁGIO (TURNO MATUTINO)</a></p>
<p>&nbsp;</p>
<p>&nbsp;</p>

<p>FORMULÁRIOS PARA ESTÁGIOS &#8211; PROGRAP &nbsp; ORIENTAÇÕES ESTÁGIO &nbsp; DECLARAÇÃO ESTUDANTE-FUNCIONÁRIO &nbsp; REGULAMENTO DE ESTÁGIO OBRIGATÓRIO E NÃO OBRIGATÓRIO DO CURSO DE TURISMO (TURNO NOTURNO) &nbsp; REGULAMENTO DE ESTÁGIO (TURNO MATUTINO) &nbsp; &nbsp;</p>
