{"id":5615,"date":"2023-01-26T17:18:13","date_gmt":"2023-01-26T17:18:13","guid":{"rendered":"https:\/\/turismo.ufpr.br\/?page_id=5615"},"modified":"2023-01-26T20:09:20","modified_gmt":"2023-01-26T20:09:20","slug":"resolucoes-importantes","status":"publish","type":"page","link":"https:\/\/turismo.ufpr.br\/index.php\/regulamentos-grad\/resolucoes-importantes\/","title":{"rendered":"Resolu\u00e7\u00f5es importantes"},"content":{"rendered":"<p><a href=\"https:\/\/turismo.ufpr.br\/wp-content\/uploads\/2023\/01\/Res-37-97-CEPE-atividades-academicas-alterada-pela-Res.-10-19-CEPE.pdf\">RESOLU\u00c7\u00c3O N\u00ba 37\/97-CEPE &#8211; Aprova normas b\u00e1sicas de controle e registro da atividade<br \/>\nacad\u00eamica dos cursos de gradua\u00e7\u00e3o da Universidade.<\/a><\/p>\n<p><a href=\"https:\/\/turismo.ufpr.br\/wp-content\/uploads\/2023\/01\/Res-92-13-CEPE-alteracao-Resolucao-0610-alterado-pela-Res-39.18.pdf\">RESOLU\u00c7\u00c3O N\u00b0 92\/13\u2013CEPE &#8211; Aprova normas de dispensa de Disciplinas, de Equival\u00eancia de<br \/>\nDisciplinas, de Exames de Adiantamento e Aproveitamento de<br \/>\nConhecimento nos cursos de gradua\u00e7\u00e3o da Universidade Federal<br \/>\ndo Paran\u00e1.<br \/>\n<\/a><\/p>\n<p><a href=\"https:\/\/turismo.ufpr.br\/wp-content\/uploads\/2016\/07\/Resolu%C3%A7%C3%A3o-88.pdf\">RESOLU\u00c7\u00c3O N\u00b0 88\/14\u2013CEPE &#8211; Estabelece o Curr\u00edculo Pleno do Curso de Turismo &#8211; Noturno, do Setor de Ci\u00eancias Humanas<\/a><\/p>\n<p><a href=\"https:\/\/turismo.ufpr.br\/wp-content\/uploads\/2023\/01\/Resolucao-Novo-Curriculo.pdf\">RESOLU\u00c7\u00c3O N\u00ba 47\/22-CEPE &#8211; Fixa o Curr\u00edculo Pleno do Curso de Turismo do Setor de Ci\u00eancias<br \/>\nHumanas da Universidade Federal do Paran\u00e1.<\/a><\/p>\n","protected":false},"excerpt":{"rendered":"<p>RESOLU\u00c7\u00c3O N\u00ba 37\/97-CEPE &#8211; Aprova normas b\u00e1sicas de controle e registro da atividade acad\u00eamica dos cursos de gradua\u00e7\u00e3o da Universidade. RESOLU\u00c7\u00c3O N\u00b0 92\/13\u2013CEPE &#8211; Aprova normas de dispensa de Disciplinas, de Equival\u00eancia de Disciplinas, de Exames de Adiantamento e Aproveitamento de Conhecimento nos cursos de gradua\u00e7\u00e3o da Universidade Federal do Paran\u00e1. RESOLU\u00c7\u00c3O N\u00b0 88\/14\u2013CEPE &#8211; [&hellip;]<\/p>\n","protected":false},"author":1318,"featured_media":0,"parent":5613,"menu_order":0,"comment_status":"closed","ping_status":"closed","template":"page-graduacao.php","meta":{"footnotes":""},"class_list":["post-5615","page","type-page","status-publish","hentry"],"_links":{"self":[{"href":"https:\/\/turismo.ufpr.br\/index.php\/wp-json\/wp\/v2\/pages\/5615","targetHints":{"allow":["GET"]}}],"collection":[{"href":"https:\/\/turismo.ufpr.br\/index.php\/wp-json\/wp\/v2\/pages"}],"about":[{"href":"https:\/\/turismo.ufpr.br\/index.php\/wp-json\/wp\/v2\/types\/page"}],"author":[{"embeddable":true,"href":"https:\/\/turismo.ufpr.br\/index.php\/wp-json\/wp\/v2\/users\/1318"}],"replies":[{"embeddable":true,"href":"https:\/\/turismo.ufpr.br\/index.php\/wp-json\/wp\/v2\/comments?post=5615"}],"version-history":[{"count":4,"href":"https:\/\/turismo.ufpr.br\/index.php\/wp-json\/wp\/v2\/pages\/5615\/revisions"}],"predecessor-version":[{"id":5622,"href":"https:\/\/turismo.ufpr.br\/index.php\/wp-json\/wp\/v2\/pages\/5615\/revisions\/5622"}],"up":[{"embeddable":true,"href":"https:\/\/turismo.ufpr.br\/index.php\/wp-json\/wp\/v2\/pages\/5613"}],"wp:attachment":[{"href":"https:\/\/turismo.ufpr.br\/index.php\/wp-json\/wp\/v2\/media?parent=5615"}],"curies":[{"name":"wp","href":"https:\/\/api.w.org\/{rel}","templated":true}]}}