{"id":5595,"date":"2023-01-26T16:57:32","date_gmt":"2023-01-26T16:57:32","guid":{"rendered":"https:\/\/turismo.ufpr.br\/?page_id=5595"},"modified":"2023-03-20T19:33:26","modified_gmt":"2023-03-20T19:33:26","slug":"endereco-grad","status":"publish","type":"page","link":"https:\/\/turismo.ufpr.br\/index.php\/apresentacao-grad\/endereco-grad\/","title":{"rendered":"Endere\u00e7o"},"content":{"rendered":"<p><span style=\"color: #000000\">Rua Rockefeller, 57 (Em frente ao Shopping Esta\u00e7\u00e3o)<\/span><\/p>\n<p><span style=\"color: #000000\">Sala 319 &#8211; 3\u00ba andar<\/span><\/p>\n<p><span style=\"color: #000000\">Edif\u00edcio Teixeira Soares<\/span><\/p>\n<p><span style=\"color: #000000\">Campus Rebou\u00e7as<\/span><\/p>\n<p><span style=\"color: #000000\">Curitiba &#8211; Paran\u00e1<\/span><\/p>\n","protected":false},"excerpt":{"rendered":"<p>Rua Rockefeller, 57 (Em frente ao Shopping Esta\u00e7\u00e3o) Sala 319 &#8211; 3\u00ba andar Edif\u00edcio Teixeira Soares Campus Rebou\u00e7as Curitiba &#8211; Paran\u00e1<\/p>\n","protected":false},"author":1318,"featured_media":0,"parent":5583,"menu_order":0,"comment_status":"closed","ping_status":"closed","template":"page-graduacao.php","meta":{"footnotes":""},"class_list":["post-5595","page","type-page","status-publish","hentry"],"_links":{"self":[{"href":"https:\/\/turismo.ufpr.br\/index.php\/wp-json\/wp\/v2\/pages\/5595","targetHints":{"allow":["GET"]}}],"collection":[{"href":"https:\/\/turismo.ufpr.br\/index.php\/wp-json\/wp\/v2\/pages"}],"about":[{"href":"https:\/\/turismo.ufpr.br\/index.php\/wp-json\/wp\/v2\/types\/page"}],"author":[{"embeddable":true,"href":"https:\/\/turismo.ufpr.br\/index.php\/wp-json\/wp\/v2\/users\/1318"}],"replies":[{"embeddable":true,"href":"https:\/\/turismo.ufpr.br\/index.php\/wp-json\/wp\/v2\/comments?post=5595"}],"version-history":[{"count":3,"href":"https:\/\/turismo.ufpr.br\/index.php\/wp-json\/wp\/v2\/pages\/5595\/revisions"}],"predecessor-version":[{"id":5798,"href":"https:\/\/turismo.ufpr.br\/index.php\/wp-json\/wp\/v2\/pages\/5595\/revisions\/5798"}],"up":[{"embeddable":true,"href":"https:\/\/turismo.ufpr.br\/index.php\/wp-json\/wp\/v2\/pages\/5583"}],"wp:attachment":[{"href":"https:\/\/turismo.ufpr.br\/index.php\/wp-json\/wp\/v2\/media?parent=5595"}],"curies":[{"name":"wp","href":"https:\/\/api.w.org\/{rel}","templated":true}]}}

Endereço

<p><span style="color: #000000">Rua Rockefeller, 57 (Em frente ao Shopping Estação)</span></p>
<p><span style="color: #000000">Sala 319 &#8211; 3º andar</span></p>
<p><span style="color: #000000">Edifício Teixeira Soares</span></p>
<p><span style="color: #000000">Campus Rebouças</span></p>
<p><span style="color: #000000">Curitiba &#8211; Paraná</span></p>

<p>Rua Rockefeller, 57 (Em frente ao Shopping Estação) Sala 319 &#8211; 3º andar Edifício Teixeira Soares Campus Rebouças Curitiba &#8211; Paraná</p>
