{"id":5585,"date":"2023-01-26T16:51:31","date_gmt":"2023-01-26T16:51:31","guid":{"rendered":"https:\/\/turismo.ufpr.br\/?page_id=5585"},"modified":"2023-01-26T20:16:41","modified_gmt":"2023-01-26T20:16:41","slug":"historico-grad","status":"publish","type":"page","link":"https:\/\/turismo.ufpr.br\/index.php\/apresentacao-grad\/historico-grad\/","title":{"rendered":"Hist\u00f3rico"},"content":{"rendered":"<p>Hist\u00f3rico Curso<\/p>\n<p>A cria\u00e7\u00e3o do curso de Turismo na Universidade Federal do Paran\u00e1 teve seus tr\u00e2mites legais iniciados no ano de 1976. Assim, em 1978, a Universidade Federal do Paran\u00e1 recebeu os estudantes da primeira turma do curso de Turismo. De l\u00e1 para c\u00e1, a gradua\u00e7\u00e3o formou cerca de 1 mil e 400 profissionais que atuam em todo o mundo.<\/p>\n<p>O curso de Turismo da UFPR \u00e9 o terceiro curso mais antigo do Brasil, sendo o segundo entre universidades p\u00fablicas e o primeiro do estado do Paran\u00e1.<\/p>\n<p class=\"western\" align=\"left\"><span style=\"color: #000000;\"><span style=\"font-family: FreeSans, serif;\"><a href=\"https:\/\/turismo.ufpr.br\/wp-content\/uploads\/2023\/01\/hist-grad-tur.jpg\"><img loading=\"lazy\" decoding=\"async\" class=\"alignnone size-full wp-image-5589\" src=\"https:\/\/turismo.ufpr.br\/wp-content\/uploads\/2023\/01\/hist-grad-tur.jpg\" alt=\"\" width=\"551\" height=\"309\" srcset=\"https:\/\/turismo.ufpr.br\/wp-content\/uploads\/2023\/01\/hist-grad-tur.jpg 551w, https:\/\/turismo.ufpr.br\/wp-content\/uploads\/2023\/01\/hist-grad-tur-300x168.jpg 300w\" sizes=\"auto, (max-width: 551px) 100vw, 551px\" \/><\/a><\/span><\/span><\/p>\n<p class=\"western\" align=\"left\"><span style=\"color: #000000;\"><span style=\"font-family: FreeSans, serif;\"><span style=\"font-size: medium;\"><b>Formatura da primeira turma do curso de Turismo da UFPR, em 18 de mar\u00e7o de 1981, no complexo da Reitoria. Foto: arquivo pessoal professora Deise Bezerra<\/b><\/span><\/span><\/span><\/p>\n<hr \/>\n<p>Atualmente, conta com 170 estudantes e 15 Professores Doutores. Quarenta e quatro vagas anuais s\u00e3o disponibilizadas por meio do vestibular e do SISU.<\/p>\n<p>Instalado junto ao Setor de Ci\u00eancias Humanas da UFPR o curso oferece, pelo processo de ensino, pesquisa e extens\u00e3o, uma forma\u00e7\u00e3o human\u00edstica, t\u00e9cnica e cient\u00edfica que possibilita a atua\u00e7\u00e3o profissional, individual e em equipes multidisciplinares, pautada pela \u00e9tica, com responsabilidade socioambiental, vis\u00e3o empreendedora, cr\u00edtica, reflexiva e propositiva.<\/p>\n<p>Como refer\u00eancia na \u00e1rea, a forma\u00e7\u00e3o do Bacharel em Turismo da UFPR \u00e9 direcionada para o planejamento e a gest\u00e3o sustent\u00e1vel de destinos, produtos e servi\u00e7os tur\u00edsticos no \u00e2mbito de organiza\u00e7\u00f5es p\u00fablicas, privadas e do terceiro setor.<\/p>\n","protected":false},"excerpt":{"rendered":"<p>Hist\u00f3rico Curso A cria\u00e7\u00e3o do curso de Turismo na Universidade Federal do Paran\u00e1 teve seus tr\u00e2mites legais iniciados no ano de 1976. Assim, em 1978, a Universidade Federal do Paran\u00e1 recebeu os estudantes da primeira turma do curso de Turismo. De l\u00e1 para c\u00e1, a gradua\u00e7\u00e3o formou cerca de 1 mil e 400 profissionais que [&hellip;]<\/p>\n","protected":false},"author":1318,"featured_media":0,"parent":5583,"menu_order":0,"comment_status":"closed","ping_status":"closed","template":"page-graduacao.php","meta":{"footnotes":""},"class_list":["post-5585","page","type-page","status-publish","hentry"],"_links":{"self":[{"href":"https:\/\/turismo.ufpr.br\/index.php\/wp-json\/wp\/v2\/pages\/5585","targetHints":{"allow":["GET"]}}],"collection":[{"href":"https:\/\/turismo.ufpr.br\/index.php\/wp-json\/wp\/v2\/pages"}],"about":[{"href":"https:\/\/turismo.ufpr.br\/index.php\/wp-json\/wp\/v2\/types\/page"}],"author":[{"embeddable":true,"href":"https:\/\/turismo.ufpr.br\/index.php\/wp-json\/wp\/v2\/users\/1318"}],"replies":[{"embeddable":true,"href":"https:\/\/turismo.ufpr.br\/index.php\/wp-json\/wp\/v2\/comments?post=5585"}],"version-history":[{"count":5,"href":"https:\/\/turismo.ufpr.br\/index.php\/wp-json\/wp\/v2\/pages\/5585\/revisions"}],"predecessor-version":[{"id":5737,"href":"https:\/\/turismo.ufpr.br\/index.php\/wp-json\/wp\/v2\/pages\/5585\/revisions\/5737"}],"up":[{"embeddable":true,"href":"https:\/\/turismo.ufpr.br\/index.php\/wp-json\/wp\/v2\/pages\/5583"}],"wp:attachment":[{"href":"https:\/\/turismo.ufpr.br\/index.php\/wp-json\/wp\/v2\/media?parent=5585"}],"curies":[{"name":"wp","href":"https:\/\/api.w.org\/{rel}","templated":true}]}}